 + 1272. What are the prime factors of g?
3, 11, 13
Let l(u) = u**2 + 14*u + 55. What are the prime factors of l(-17)?
2, 53
Let k = -427 + 665. What are the prime factors of k?
2, 7, 17
Let o(t) = -46*t + 1. List the prime factors of o(-8).
3, 41
Suppose -5*t = -3*d + 335, 12*d - 15*d + 385 = 5*t. List the prime factors of d.
2, 3, 5
Suppose 1655 = 5*u - 5*x, -5*u + 1651 = -x - 0*x. List the prime factors of u.
2, 3, 5, 11
Let q(z) = z. Let b(l) = 19. Let k(p) = -b(p) + 4*q(p). Let w be k(-11). What are the prime factors of (-7)/(7/(-4)) - w?
67
Let z = 5647 + -3165. What are the prime factors of z?
2, 17, 73
Suppose -7*i - 1747 = -18456. List the prime factors of i.
7, 11, 31
Let h(f) = 10*f - 27. Let d(p) = 7*p - 18. Let i(v) = 7*d(v) - 5*h(v). Let t be i(7). Let o(r) = 7*r + 4. List the prime factors of o(t).
2, 3
Let y(p) = -12*p**2 - 5*p - 6. Let j(w) = -11*w**2 - 5*w - 6. Let f(g) = -6*j(g) + 5*y(g). What are the prime factors of f(-3)?
3, 5
Suppose -3*g + 165 = 3*u, -8*u + g = -3*u - 305. Let f be (2/(-4))/((-2)/8). Suppose u = f*s + s. What are the prime factors of s?
2, 5
Suppose -3*w + 3*t + 733 + 608 = 0, -3*t + 904 = 2*w. Suppose -5*v + w - 129 = 0. List the prime factors of v.
2
Let g(n) = n**3 - 2*n**2 - 2*n - 2. Let t(u) = 4*u + 2. Let d be t(1). Let x be g(d). Suppose -5*a + x = -0*a. List the prime factors of a.
2, 13
Suppose 0 = j + 3*m - 4*m - 266, -3*j + 804 = -m. List the prime factors of j.
269
Let x be (1/2 + -1)*-34. Let d = 9 + -14. Let p = d + x. What are the prime factors of p?
2, 3
Let s(d) = d**3 - 10*d**2 + 4*d - 5. Let l be s(10). Let f = l - 5. List the prime factors of f.
2, 3, 5
Let c = 884 - 377. Let x = c - 271. List the prime factors of x.
2, 59
Let z(w) = 3 + 35*w - 3 - 34*w + 20*w**2. Suppose -4*v = -2*v + 3*g + 14, 5*g + 18 = 2*v. What are the prime factors of z(v)?
19
Suppose -m = -15*l + 13*l + 5794, -4*l + 11588 = 5*m. What are the prime factors of l?
2897
Suppose -8 + 2 = -3*r. Suppose -r*x + 8 + 4 = 0. What are the prime factors of x?
2, 3
Let l(h) = 96*h - 73. List the prime factors of l(6).
503
What are the prime factors of (-2)/(-3)*(-48)/32 - -500?
499
Suppose 159 = 7*t - 6*t. What are the prime factors of t?
3, 53
Let r(p) = 55*p**2 + p. Let f(o) = -2*o - 1. Let n be f(0). Let v = n - 0. What are the prime factors of r(v)?
2, 3
Suppose 1432 = 5*a - 383. List the prime factors of a.
3, 11
Let b(f) = f**3 - 9*f**2 + 4*f + 29. What are the prime factors of b(13)?
757
Let f be (2/(-1))/((-6)/9). Suppose -2 = -4*o + f*o. List the prime factors of 51*1/6*o.
17
Let i(d) = 2*d**2 - 31*d + 41. Let z(w) = 6*w - 28. Let c be z(8). List the prime factors of i(c).
13, 17
What are the prime factors of ((-21371)/(-21))/(-1 + 8/6)?
43, 71
Suppose a + h - 3*h - 1045 = 0, 4*h = a - 1043. List the prime factors of a.
3, 349
Let v(a) = -82*a - 850. List the prime factors of v(-30).
2, 5, 7, 23
Let n be 2/3 + 140/15. Suppose -f + 22 - n = 0. Let c = f + 14. List the prime factors of c.
2, 13
Suppose 2*p - 19174 = -4*n, -2*n - p = -3*p - 9584. What are the prime factors of n?
4793
List the prime factors of -183*(-6 + 8 + -4).
2, 3, 61
Suppose 12*z - 480 = -0*z. List the prime factors of z.
2, 5
Let t be ((-1)/2)/((-1)/274). Let j be (-415)/(-10)*(-2)/1. Let r = j + t. List the prime factors of r.
2, 3
Suppose -h + 0*h = -5*r + 112, -3 = -3*r. Let j = h + 256. List the prime factors of j.
149
Suppose -8 = -5*d + j + 2, 4*d = -3*j - 11. What are the prime factors of ((-1)/(4/(-212)))/d?
53
Suppose -30*t = -10555 - 11165. List the prime factors of t.
2, 181
Let v be (0 - 4) + 1 + -3. Let q be 12/7 + v/(-21). Let k(l) = 2*l**3 + l**2 + 5*l - 5. What are the prime factors of k(q)?
5
Suppose 0 = -30*b + 23*b + 4627. List the prime factors of b.
661
Let y(g) = -9*g + 84. What are the prime factors of y(-33)?
3, 127
Suppose -7*y = -3*y - 136. Let t = y + -9. What are the prime factors of t?
5
Let z(i) be the third derivative of -i**5/60 - 7*i**4/12 - 4*i**3/3 - 2*i**2. Suppose -3*j = -5*j - 20. List the prime factors of z(j).
2
Let j(s) = s**3 - 5*s**2 - s. Let i(k) = -k**3 - 6*k**2 + 8*k + 1. Let l be i(-7). Let m be l/(-3 - (-3 + 1)). What are the prime factors of j(m)?
2, 3, 5
Let f(b) = 9*b**2 - b. Let w be f(-1). Let n(y) = y**2 - 7*y - 13. Let a be n(w). Let v = a + 7. List the prime factors of v.
2, 3
Suppose 5*q = 5*b - 470, -q - 423 = -4*b - 41. List the prime factors of b.
2, 3
Let d(w) = -11*w - 6. Let r be d(-1). Let m(y) = -86*y. Let l be m(-1). Suppose -l - 54 = -r*f. What are the prime factors of f?
2, 7
Suppose v = 6*v - 2690. List the prime factors of v.
2, 269
Let l be (-2 + 1)/((-3)/87). Suppose -w = -l - 8. What are the prime factors of w?
37
Suppose 4*f = -5*s + 6183, -3*f + 67 = -3*s - 4550. What are the prime factors of f?
2, 3, 257
Suppose 2*m = -2, b + 2*m + 66 = 3*b. Let l be 0/(2 - (2 - -1)). Suppose l = g - 2*g + b. List the prime factors of g.
2
Suppose -30*o = -34*o + 484. Let r = 99 + o. Suppose m - 171 + 15 = -4*q, -5*q = -5*m - r. What are the prime factors of q?
2, 5
Suppose -2*n + 5*v + 3531 = 0, 5*n + 19*v - 8880 = 14*v. List the prime factors of n.
3, 197
List the prime factors of ((-20)/30)/((-6)/7767).
863
What are the prime factors of ((-3)/6)/(3/(-2844))?
2, 3, 79
Let l = 123 - 243. Let m = 206 + l. What are the prime factors of m?
2, 43
Suppose 4*d = 4*s + 40, -5*d - 4*s + 6 + 8 = 0. Let n be ((-4)/d)/(4/(-24)). Suppose 3 = 3*y, -n = 4*x - 5*x + 3*y. What are the prime factors of x?
7
Suppose 44*q - 7225 = 19*q. What are the prime factors of q?
17
Suppose v - 5 = -b, v + b + 7 = 6*b. Suppose -v*u = k + 4*k - 6, -9 = -3*k. List the prime factors of ((-2)/u + -1)*-69.
23
Suppose 17650 + 24562 = 61*y. List the prime factors of y.
2, 173
Let m(p) be the first derivative of p**4/2 - 5*p**3/3 + 3*p**2 - 3*p - 11. List the prime factors of m(5).
2, 19
Suppose 3*s = -5*d + 123 + 57, 2*d + 5*s - 91 = 0. What are the prime factors of d?
3, 11
Let h = -152 + 406. List the prime factors of h.
2, 127
Let i(x) = x**2 + 1. Suppose -2*d - v + 37 = 4*v, -33 = -3*d - 3*v. What are the prime factors of i(d)?
37
Suppose -5*z = -4*u + 642 - 3004, -4*u - 482 = -z. Suppose -5*v = 5*r - 981 + 206, -4*v + z = 3*r. What are the prime factors of r?
2, 3, 5
Let f = 449 + -218. What are the prime factors of f?
3, 7, 11
Suppose y - 2*d = 5*y + 372, 0 = 4*d. Let w = -56 - y. List the prime factors of w.
37
Let w = -5 + -3. Suppose 405 = 3*u + 243. Let i = w + u. What are the prime factors of i?
2, 23
Suppose 0 = -2*u + 6, 5*d - 5*u = 8*d - 2172. List the prime factors of d.
719
Let i = -1040 - -1469. Suppose i = -15*a + 18*a. What are the prime factors of a?
11, 13
Let i(q) = 2*q**2 - 22*q + 23. Let w be i(10). Let r(f) = 2*f + 1. Let b be r(4). What are the prime factors of -1 - (b/w - 6)?
2
Let v(s) = 83*s - 19. Let r(l) = 21*l - 5. Let j(o) = -22*r(o) + 6*v(o). Let f be j(2). Suppose 6*k = 5*k + f. What are the prime factors of k?
2, 17
Let p(s) be the third derivative of -s**6/120 + 7*s**5/20 + 4*s**4/3 - s**3/3 + 2*s**2. What are the prime factors of p(22)?
2, 109
Let r(w) = 12*w - 31. Let f be r(4). Let m = 21 + -14. Let v = m + f. List the prime factors of v.
2, 3
Suppose -2*m + 112 + 62 = 0. Suppose 2*b = -h + 17, -5*h - 2*b + 22 = -m. Suppose 0 = -s + h + 7. List the prime factors of s.
2, 3, 5
Let k = 43 - 51. Let f(n) = n**3 + 10*n**2 + n + 16. What are the prime factors of f(k)?
2, 17
Suppose 2*x + 12*g = 10*g + 9480, -4*x - g + 18975 = 0. List the prime factors of x.
5, 13, 73
Suppose 0 = 302*q - 301*q - 643. List the prime factors of q.
643
Let a(h) = -h**3 - 24*h**2 + 20*h - 139. List the prime factors of a(-28).
2437
Suppose -11*s + 6*s - 70 = 0. Let c = s + 44. What are the prime factors of c?
2, 3, 5
Let j(l) = 2*l**3 - 9*l**2 + 18*l - 102. What are the prime factors of j(10)?
2, 19, 31
Suppose 2*v = z - 2, 7*v - 21 = -4*z + 2*v. Suppose -236 - 44 = -z*x. Suppose 0 = -u - 0*u + g + 14, -4*u = 3*g - x. List the prime factors of u.
2
Let o(b) = -b**3 - 7*b**2 - 8*b + 11. Let r(t) = 2*t**3 + 15*t**2 + 15*t - 21. Let a(m) = 5*o(m) + 3*r(m). What are the prime factors of a(-8)?
2, 5
Let l = -207 - -379. List the prime factors of l.
2, 43
Suppose 109 = q + k, 5*k - 63 = -q + 34. Let o = q - -18.